08560?
3372
What is the highest common factor of 31348 and 158759180?
1844
Calculate the highest common divisor of 2620 and 36180.
20
What is the highest common divisor of 7176 and 1001520?
312
Calculate the greatest common factor of 220 and 186637540.
20
Calculate the greatest common divisor of 985468 and 55.
11
What is the highest common factor of 1274 and 1618734?
26
What is the greatest common factor of 117316 and 724468?
556
Calculate the highest common factor of 4284 and 252626052.
1428
Calculate the greatest common factor of 35126712 and 21240.
4248
What is the highest common factor of 36960 and 277260?
60
Calculate the greatest common factor of 16893281 and 23779.
3397
What is the highest common factor of 107 and 471154063?
107
Calculate the highest common divisor of 19682135 and 2185.
115
What is the highest common factor of 45575 and 2125?
25
Calculate the greatest common factor of 602 and 165385138.
86
What is the greatest common divisor of 4786 and 61172259?
2393
Calculate the greatest common factor of 298326116 and 148.
148
Calculate the greatest common divisor of 135 and 11667465.
45
Calculate the highest common divisor of 672 and 42812448.
672
Calculate the highest common divisor of 9440 and 9413096.
472
What is the highest common divisor of 54 and 32454531?
9
Calculate the greatest common divisor of 1760 and 10749365.
55
Calculate the highest common factor of 79866 and 244902.
102
Calculate the highest common divisor of 57852628 and 28.
4
What is the highest common divisor of 945 and 1386300?
15
What is the highest common factor of 3667200 and 6110?
10
Calculate the greatest common factor of 15842636 and 42436.
412
Calculate the greatest common factor of 40 and 57063824.
8
What is the greatest common divisor of 10516084 and 32?
4
What is the greatest common divisor of 291067 and 133343?
301
What is the greatest common factor of 58740 and 300600?
60
What is the greatest common factor of 153 and 3815344?
17
What is the greatest common factor of 143 and 22556157?
13
What is the greatest common divisor of 4360745 and 20?
5
Calculate the highest common divisor of 38 and 6409194.
38
What is the greatest common divisor of 1209470 and 5810?
10
Calculate the highest common factor of 7684 and 874959791.
1921
What is the greatest common divisor of 97260238 and 46?
46
Calculate the highest common divisor of 3642363 and 15453.
909
What is the greatest common factor of 43557012 and 180?
36
What is the highest common factor of 188415760 and 2720?
1360
Calculate the highest common divisor of 510160944 and 86.
86
What is the highest common divisor of 224 and 1443632?
16
What is the greatest common divisor of 10910 and 417853?
1091
What is the highest common divisor of 551869 and 14299?
181
Calculate the greatest common divisor of 60 and 1394260.
20
What is the greatest common divisor of 194718 and 499992?
498
What is the highest common divisor of 12 and 26894528?
4
What is the greatest common divisor of 2299 and 3160897?
19
Calculate the highest common factor of 4141 and 260063.
41
What is the greatest common divisor of 1503071411 and 489?
163
What is the highest common factor of 156208 and 6972284?
3004
What is the greatest common divisor of 290 and 222436670?
290
Calculate the greatest common divisor of 1245996 and 6249996.
5004
What is the highest common factor of 75 and 28569725?
25
What is the greatest common divisor of 769410983 and 3506?
1753
Calculate the highest common divisor of 175 and 1024611.
7
Calculate the greatest common divisor of 1388898 and 72027.
1359
What is the highest common factor of 343339 and 2084?
521
What is the greatest common divisor of 1601134 and 65554?
898
Calculate the greatest common factor of 33 and 3069253.
11
Calculate the highest common factor of 3635655 and 60.
15
Calculate the greatest common factor of 66253458 and 81918.
9102
Calculate the highest common divisor of 100931024 and 64.
16
What is the greatest common divisor of 23396549 and 22?
11
What is the highest common divisor of 21593500 and 5150?
50
Calculate the highest common factor of 81119724 and 196.
28
Calculate the highest common divisor of 39 and 494723294.
13
What is the highest common factor of 179987 and 84094?
19
Calculate the greatest common factor of 11697 and 11291.
7
Calculate the highest common factor of 696516 and 60.
12
What is the greatest common factor of 48607320 and 855?
285
What is the highest common divisor of 78635499 and 31?
31
Calculate the greatest common divisor of 4928776 and 152.
8
Calculate the highest common factor of 10635813 and 27.
27
Calculate the highest common divisor of 32058 and 90.
18
Calculate the greatest common divisor of 501146864 and 1808.
1808
What is the highest common divisor of 85158 and 1478064?
498
Calculate the greatest common divisor of 15048 and 3653472.
456
Calculate the greatest common divisor of 580200 and 4360.
40
What is the greatest common factor of 51643984 and 48930?
3262
Calculate the highest common factor of 1896495198 and 104.
26
Calculate the greatest common factor of 2350 and 1357103850.
2350
What is the greatest common factor of 36088120 and 200?
40
What is the highest common divisor of 7816960 and 48?
16
Calculate the highest common divisor of 532339250 and 250.
250
Calculate the highest common factor of 2633659 and 1841.
7
Calculate the highest common divisor of 3012735 and 169005.
285
Calculate the greatest common factor of 44100 and 2313780.
2940
Calculate the greatest common divisor of 3534046 and 6.
2
Calculate the highest common divisor of 53062050 and 10.
10
Calculate the greatest common divisor of 33358 and 41834.
26
Calculate the greatest common factor of 44 and 1048332340.
44
What is the highest common divisor of 87331 and 28424342?
3797
What is the highest common factor of 168 and 2002707?
21
What is the greatest common factor of 17128072 and 5245?
1049
What is the highest common divisor of 7777792 and 61248?
704
Calculate the highest common factor of 1891728012 and 4152.
2076
Calculate the greatest common divisor of 11764657 and 208470.
6949
Calculate the greatest common factor of 33450011 and 2602.
1301
What is the greatest common divisor of 23309865 and 5985?
855
Calculate the highest common factor of 70072 and 252167.
461
Calculate the greatest common divisor of 4541 and 16416.
19
What is the highest common factor of 287 and 17615773?
287
What is the greatest common divisor of 1198919 and 76?
19
What is the highest common divisor of 11449821 and 54221?
919
Calculate the greatest common divisor of 442650 and 4642950.
1950
Calculate the greatest common divisor of 4956279 and 45033.
2649
Calculate the highest common factor of 146534549 and 539.
49
What is the highest common divisor of 534989 and 4537?
13
What is the highest common divisor of 2131 and 47433929?
2131
What is the greatest common factor of 17901 and 4369221?
1377
Calculate the highest common factor of 369083422 and 916.
458
Calculate the highest common factor of 216 and 14062293.
9
What is the greatest common factor of 148433890 and 77330?
2090
Calculate the greatest common divisor of 1573 and 22308.
143
What is the greatest common factor of 127237 and 355080?
2959
Calculate the highest common factor of 34 and 25274342.
34
What is the greatest common divisor of 187 and 3259784?
187
Calculate the highest common divisor of 56635 and 1504329.
47
Calculate the greatest common divisor of 1322059 and 14677.
1129
Calculate the highest common divisor of 957616 and 968.
88
What is the highest common divisor of 714 and 60480084?
714
Calculate the greatest common factor of 810 and 141659820.
270
What is the greatest common factor of 1465470 and 198?
18
What is the greatest common divisor of 668172150 and 225?
225
Calculate the greatest common divisor of 1308 and 20098401.
327
Calculate the highest common divisor of 50466 and 29718.
78
What is the highest common divisor of 259 and 4676097?
37
Calculate the highest common divisor of 33721144 and 1272.
424
Calculate the highest common factor of 139984 and 80912.
208
Calculate the highest common factor of 77170774 and 6366.
2122
Calculate the highest common divisor of 242 and 43546327.
121
What is the greatest common divisor of 135524 and 253368?
68
Calculate the g